). Let t be (p/(-3))/(5*2/1530). Suppose 2*h - t = -5*x - 59, 0 = 5*h + 10. What are the prime factors of x?
7, 13
Let m = -48 + 44. Let p(w) = -2*w**2 - w - 2 - 2*w - w**3 + 4*w + 7*w**2. List the prime factors of p(m).
2, 3, 23
Let i = -19407 + 62938. List the prime factors of i.
101, 431
Let z(j) = 5*j**3 - 49*j**2 - 8*j - 18. Let r be z(10). Suppose 3*y + r*a - 5*a - 1041 = 0, -3*y + 1051 = -5*a. What are the prime factors of y?
2, 3, 19
What are the prime factors of 168/672 - 56967/(-4)?
2, 7121
Let f(z) = -z**3 - 2*z**2 - 5*z + 2. Let v be f(0). Suppose v*d - 3*d + 120 = -2*w, 5*w = -5*d + 585. List the prime factors of d.
2, 59
Suppose 84*h + 1733519 = 8610935. List the prime factors of h.
2, 13, 47, 67
Suppose 0 = 5*k + 15, k + 21317 = 5*y - 5511. List the prime factors of y.
5, 29, 37
Suppose 27*q - 42*q - 20169 = -171489. List the prime factors of q.
2, 13, 97
What are the prime factors of 5/40*40 + 1629?
2, 19, 43
Suppose 613008 + 303913 - 60472 = 41*o. List the prime factors of o.
3, 11, 211
Suppose -5*k = -4*v - 35, 0*k = -2*v + 4*k - 10. Suppose 2*p - 757 = 359. What are the prime factors of ((p/(-15))/3)/(6/v)?
31
Let b(u) = 1164*u - 2787. What are the prime factors of b(19)?
3, 17, 379
Let v be 1/(-7) + 371178/119. Suppose 4*a - v = -1071. List the prime factors of a.
2
Suppose 18*y - 15520 - 30092 = 0. Let d = -1604 + y. What are the prime factors of d?
2, 3, 5, 31
Suppose 480 = w - 0*w. Suppose 10*s = -0*s - w. Let y = 60 + s. List the prime factors of y.
2, 3
Suppose 0 = -x + 3*r + 17027, 39*r = 5*x + 38*r - 85079. What are the prime factors of x?
5, 41, 83
Let w = 513 - 745. Let i = 518 - 180. Let j = i + w. What are the prime factors of j?
2, 53
Let d be ((-1852)/2)/(16/64). Let c = -1370 - d. Suppose -c = -13*b + 344. List the prime factors of b.
2, 103
Let y(k) = -2*k**2 - 40*k - 33. Let s be y(-19). List the prime factors of (104/(-56) - s)/((-3)/42).
2, 3
Let l = -125 + 147. Suppose l*b - 2127 = -543. List the prime factors of b.
2, 3
Suppose -11*g - 16*g = 14*g - 1945614. List the prime factors of g.
2, 3, 11, 719
Let z = 35 - 31. Suppose -5*v - 5 = -z*v + 4*c, -v = -2*c - 7. Let g(x) = 14*x + 11. List the prime factors of g(v).
53
Suppose -z = 5*v + 17, 2*z - 16 = 4*z + 4*v. Let b be 1/z*(14 + -24). Suppose -4*p - 4*d = -336, d + 0*d - b = 0. What are the prime factors of p?
79
Suppose 511 = -3*o + 4*o + 3*t, o + t = 515. Let a = o + 343. List the prime factors of a.
2, 5, 43
Let v = 172 + -170. Suppose -13*d + 17*d - 4516 = -v*n, 5*d + 4*n = 5648. What are the prime factors of d?
2, 3, 47
List the prime factors of (9 + 2148)/(18/24).
2, 719
Let y(k) = -4*k + 60. Let j be y(-10). Suppose -2*v + j = 4*c, -5*v + 200 = -v + 3*c. List the prime factors of v.
2, 5
Let a = 18 - 7. Suppose -14*l + 981 = -a*l. Suppose 12*n - l = 9*n. What are the prime factors of n?
109
Let d = -2638 + 10732. List the prime factors of d.
2, 3, 19, 71
Let i be (-3)/(-2)*124/(-93). What are the prime factors of (544 - -4)/((0 - i) + 0)?
2, 137
Suppose -1777*v + 38668 = -1749*v. What are the prime factors of v?
1381
Let z(o) = -9*o**3 + 9*o - 1032*o**2 + 9 + 525*o**2 + 516*o**2. List the prime factors of z(-3).
2, 3, 17
Let h(i) = i**2 + 7*i + 7. Let w be h(-6). Suppose -20*j + 5443 = -37. What are the prime factors of (-8)/4 + j/(w + 1)?
3, 5
Suppose -15*k - 4*l - 85084 = -18*k, -5*k + 141764 = 4*l. What are the prime factors of k?
2, 3, 17, 139
Let o(y) be the third derivative of -y**4/24 - 11*y**3/6 + 13*y**2. Let g be o(4). Let f(x) = x**3 + 15*x**2 - 8*x - 7. What are the prime factors of f(g)?
113
Let o(a) = -a**3 + 34*a**2 + 57*a - 36. List the prime factors of o(28).
2, 3, 29
Let p(h) = 3*h + 1835. What are the prime factors of p(44)?
7, 281
Let o = -28434 + 41864. List the prime factors of o.
2, 5, 17, 79
Let s = -26 - 29. Let l = 56 + s. List the prime factors of 0 + (25 - 1) + l.
5
Suppose -4*v - 3*q = -569, 694 = 68*v - 63*v - 2*q. What are the prime factors of ((-12284)/14 + 60/v)/(-1)?
877
Suppose 0 = -2*y + 5*y - 12. Suppose 69 = -y*m + 389. Let j = m - 35. List the prime factors of j.
3, 5
Suppose 8*g = g + 56. Let f(a) = a**3 - 7*a**2 - 9*a + 12. Let y be f(g). Suppose -y*m + 237 = -79. What are the prime factors of m?
79
Let a be ((-6)/(-21))/((-18)/(-378)). What are the prime factors of 1/(4/170*3/a)?
5, 17
Let r(p) = -p**2 - 13*p - 14. Let o be r(-9). Suppose -o = -3*v - 3*s - 76, -4*v + s = 92. Let j = v - -29. What are the prime factors of j?
7
Let t be -399 - -3 - -1 - 5. Let d = 371 - t. List the prime factors of d.
3, 257
Let o be ((-39)/13*-1)/((-3)/(-1)). List the prime factors of 6 - o - (1 - (845 + 4)).
853
Let o(r) = 20586*r**2 - 160*r - 159. List the prime factors of o(-1).
7, 17, 173
Let j(z) = -19*z + 26. Let a be j(2). What are the prime factors of 18/a*-132 + -5?
193
Let u(q) = 2*q**2 + 12*q + 784. Let b(v) = v**3 - 3*v**2 - 10*v + 24. Let p be b(2). List the prime factors of u(p).
2, 7
Let h = -30 + 34. Suppose 0 = g - 3*f - 9, -g - 1 - 11 = h*f. Suppose g = -4*s + 5 + 279. List the prime factors of s.
71
Let r = -29 - -22. What are the prime factors of 81*(-18)/(-7) - (-2)/r?
2, 13
Suppose 0 = 5*k + 14*t - 13*t - 42011, -33606 = -4*k + 2*t. What are the prime factors of k?
2, 4201
Let y be (15 + -11)/((-10)/(-20)). Let x(p) be the first derivative of -p**4/4 + 3*p**3 + 7*p**2/2 - 4*p + 1. List the prime factors of x(y).
2, 29
Suppose -4*z + 4*u = -117408, -5*z + 7*u + 2371 + 144393 = 0. List the prime factors of z.
2, 5, 587
Suppose -2*s + 49 + 91 = 0. Suppose -4*p + 54 = 2*c, -s = p - 6*p - 5*c. What are the prime factors of p?
13
Let x be -4 + 3/(6/32). Let j(h) = 22*h + 2. Let o be j(x). Suppose s - o = -6*s. What are the prime factors of s?
2, 19
Suppose 8*j + 14*j - 325701 = 153613. What are the prime factors of j?
21787
List the prime factors of (-2)/(-5) - (-26)/(1690/1267149).
5, 7, 557
Let j(r) = -17*r - 38. Let w be j(-7). Let y = w - 85. List the prime factors of -2 + (3 + y)*(-90 - 2).
2, 3, 5
List the prime factors of (-619850)/(-65) + (-62)/403.
2, 149
Suppose 1049 = m + 2*q, -5*m - q + 2419 = -2835. What are the prime factors of m?
1051
Suppose 0 = -51*z - 133332 + 564792. What are the prime factors of z?
2, 3, 5, 47
Let t = 1 + 0. Let h(b) = -13*b + 53. Let i(l) = -27*l + 96. Let m(a) = 9*h(a) - 5*i(a). What are the prime factors of m(t)?
3, 5
Suppose 167 = 2*d - 3*g, d + g - 65 - 26 = 0. Let n be (-40)/(-6)*51/2. What are the prime factors of (-4 - d/(-20))*n?
2, 17
Let r = 570 - 541. List the prime factors of r.
29
Let h(g) = -26*g + 83 + 8*g + 46*g**2 - 41*g**2. List the prime factors of h(9).
2, 163
Let m be (-20)/(-7) - (-11)/77. What are the prime factors of (43/m)/((-68)/(-4488))?
2, 11, 43
Let i(f) be the first derivative of -f**4/4 + 17*f**3/3 + 3*f**2 + 19*f - 20. What are the prime factors of i(16)?
7, 53
Suppose -10*v + 9*v = 9. Let m be ((-27)/15)/(v/30). What are the prime factors of (190/m - 0)*(-9)/(-3)?
5, 19
Suppose -4*o = -52*o + 360226 + 98318. What are the prime factors of o?
41, 233
Let s(l) = 2 - 11 - l**2 + 2*l**2 + 5*l. Let r be s(-7). Suppose 309 = -4*i - r*f + 1249, 4*f - 944 = -4*i. List the prime factors of i.
2, 3, 5
Let t = 50688 - 27772. List the prime factors of t.
2, 17, 337
Let a(y) = 3*y**3 - 45*y**2 + 25*y - 37. Let m(w) = 4*w**3 - 67*w**2 + 38*w - 56. Let f(g) = -7*a(g) + 5*m(g). What are the prime factors of f(-21)?
3, 5, 7
Let q(o) = -28*o - 4. Let v(w) = -57*w - 7. Let u(s) = s - 13. Let b be u(16). Let l(i) = b*v(i) - 7*q(i). List the prime factors of l(3).
2, 41
Let d = -81 - -85. Suppose 0 = 5*s + d*w - 2787, -4*s - 3*w + 2230 = -0*w. List the prime factors of s.
13, 43
Suppose -820 = -10*p + 1550. Suppose -p + 165 = -j. List the prime factors of j.
2, 3
Suppose -5*d + 4*s + 7 = 0, -d + 0*s + 11 = 4*s. Suppose 0 = d*c + 9, -m + 5*m - 100 = 4*c. Suppose 0 = -m*x + 26*x - 304. List the prime factors of x.
2, 19
Suppose 5*b + 0*b = 20. Suppose 6 = -5*r + 4*l + 19, b*l = -4*r + 32. What are the prime factors of -10*r/(50/(-36))?
2, 3
Suppose -8*o - 5*q = -10*o + 5670, 4*o + 4*q - 11368 = 0. List the prime factors of o.
2, 5, 71
Let w(p) = 367*p + 5035. What are the prime factors of w(15)?
2, 5, 17, 31
Let b(l) be the first derivative of -l**4/4 + 2